 the tens digit of l?
1
Let o = 2 - -3. Suppose -q + 2*a - 7 = 0, o*q = 4*a - 0*a - 5. Suppose -6*y + q*y + 33 = 0. What is the tens digit of y?
1
Let o = 325 - 180. What is the tens digit of o?
4
Let r be (-1)/(-4) + (-105)/4. Let q = -66 - r. What is the units digit of (2/(-5))/(4/q)?
4
Let c be ((-96)/(-14))/((-3)/(-21)). Suppose -4*v + c = 4*j, 5*j - 41 = -4*v + 20. What is the units digit of j?
3
Let r = -36 - -62. What is the units digit of r?
6
What is the units digit of -3*(-7)/3 - 4?
3
Let d(s) = s**2 + 5*s + 4. Let u be d(-4). Suppose 0 = -u*y + 3*y - 12. Suppose 14 = y*p + 2. What is the units digit of p?
3
What is the hundreds digit of (-36 + 0)*(-26)/8?
1
Let u = 0 + 2. Suppose -117 = -5*m - u*y, 0*y - 113 = -5*m - 3*y. What is the tens digit of m?
2
Let j(n) = -7*n**2 + 27*n + 27. Let v(t) = -3*t**2 + 13*t + 13. Let l(z) = 4*j(z) - 9*v(z). Let k be l(-8). Let a = 8 - k. What is the units digit of a?
9
Suppose 0 = -0*v - 5*v + 250. What is the tens digit of v?
5
Let j(o) = o + 1. Let k(a) = 6*a + 1. Let c(i) = -2*j(i) + k(i). Let w be c(2). Let f = w - 4. What is the units digit of f?
3
Let i(x) = x**3 - 4*x**2 + 4*x - 1. Let q(c) = -c**3 + 4*c**2 - c - 2. Let w be q(3). What is the units digit of i(w)?
5
Let i = -4 - -11. Let g(b) = -b**2 + 6*b + 7. Let q be g(i). Let v = q + 5. What is the units digit of v?
5
Suppose 4*z + 2*o = 128, 2*o - 160 = -5*z - 0*z. What is the tens digit of z?
3
Suppose -22 = -4*h + 4*l + 46, -5*h + 106 = 2*l. Let a = h - 11. What is the units digit of a?
9
Suppose a = -5*a + 1764. What is the hundreds digit of a?
2
Suppose -3*z = -2*f + 143, 0 = 5*f + 4*z - 219 - 104. What is the units digit of f?
7
Suppose 4 = -4*c, -5*v - 4 = -0*v + 4*c. Let s be v*(2 + 15/(-6)). What is the units digit of 5 + -1*(-1 - s)?
6
Let m be -4 - (-93 - -1 - -2). Let w = m - 42. What is the units digit of w?
4
Let c(w) = -11*w + 1. What is the tens digit of c(-2)?
2
Let q(o) be the second derivative of o**5/20 + o**4/2 - o**3/3 - 7*o**2/2 + o. What is the units digit of q(-6)?
5
Let d(m) = m. Let p(b) = 7*b - 2. Let w(z) = -6*d(z) + p(z). What is the units digit of w(5)?
3
Let m = -64 - -110. What is the tens digit of m?
4
Let o = 15 - 12. Suppose -3*i - 9 = -2*g + 6, -o*g + i + 33 = 0. What is the tens digit of g?
1
Let x(g) = -g**3 - 9*g**2 - 15*g - 5. What is the units digit of x(-10)?
5
Let a(s) = -s - 1. Let p(r) = -4*r + 1. Let k(q) = 2*a(q) - p(q). Let d be k(3). Suppose -d*n + 1 = -2. What is the units digit of n?
1
Suppose 4*k = -3*l + 10, 3*k - 4 = l + 10. Let w(h) = 7*h**2 - h. Let r be w(1). Let y = l + r. What is the units digit of y?
4
What is the tens digit of (-1396)/(-16) - (-2 + 18/8)?
8
Let v(h) be the first derivative of h**4/4 + h**3 - 5*h**2/2 + h + 19. Let d = -14 - -10. What is the units digit of v(d)?
5
Let v(z) be the first derivative of z**2 - 12*z + 6. What is the units digit of v(8)?
4
Let c(q) = -3*q**2 - 6*q + 2*q - 7*q**3 + 5*q**3 + 2 - 5. What is the units digit of c(-2)?
9
Let i = -3 + 20. Suppose -91 = -5*n + 2*s - 21, 0 = -4*n + s + 53. Let k = i - n. What is the units digit of k?
5
Suppose 6*s - 2*s - 4 = -4*y, -2*y + 8 = 4*s. What is the units digit of s?
3
Suppose 4*i + 20 = -3*j, 5*j + 0*j - 2*i - 10 = 0. Suppose j = l - 3*l - 42. Let q = -3 - l. What is the units digit of q?
8
Suppose -1 = -3*x - u + 11, 2*x - 8 = 3*u. Let k = x - 3. What is the units digit of k?
1
Suppose -4 - 17 = s. Let u = 49 + s. Suppose 0*i - 2*i = -u. What is the tens digit of i?
1
Let u(h) = -h**3 - 5*h**2. Let q be u(-6). Suppose 3*f + q = 5*f. What is the units digit of f?
8
Let u be 1/4 + (-382)/(-8). Suppose 71 = -3*w - 28. Let m = u + w. What is the tens digit of m?
1
Let x = 251 - -95. What is the hundreds digit of x?
3
Let y = 13 + -9. Let p(s) = s**3 - 3*s**2 + 2*s + 1. What is the tens digit of p(y)?
2
Suppose -13 = 5*t - f - f, -2*t + f - 5 = 0. What is the tens digit of (-1 - (1 - t))*-5?
2
Let t(v) = -8*v - 1. Let l be t(-1). Let g = l - -4. What is the units digit of g?
1
Suppose -5*m + 124 - 34 = 0. Suppose -5*a = i + m, -2*a - 5 = -5*i + 13. Suppose -4*k - i = -34. What is the units digit of k?
8
Let t(u) = u**3 - 4*u**2 + u - 2. Let h be t(4). Suppose -25 = -2*n + o, h*o - 56 = -5*n + 29. What is the tens digit of n?
1
Suppose -9*r = -5*r - 180. What is the tens digit of r?
4
Let o be 262/8 - (-3)/(-4). Suppose -o = -5*v + v. What is the units digit of v?
8
Let p(v) = v**3 - v**2 + v + 1. Let n be p(-1). Suppose 0 = a - 5 - 1. Let u = n + a. What is the units digit of u?
4
Let c be (-5)/((-30)/(-4))*-3. Suppose 0 = 4*f - c*f. Suppose -5*q + 5*g + 60 = f, 2 - 4 = g. What is the units digit of q?
0
Suppose -205 - 50 = -5*u. What is the units digit of u?
1
Suppose -4*p + 0*p = 8. Let l = 6 + p. What is the units digit of l?
4
Suppose -323 + 59 = -6*p. What is the units digit of p?
4
Let s(i) = -i**3 + 8*i**2 + 5*i - 4. Let k be s(8). Suppose -2*j - 2*j = k. What is the units digit of (-16)/j - 2/(-9)?
2
What is the units digit of (-36)/(-28) - 4/14?
1
Let r(s) = 2*s + 1. Let q be r(2). Suppose 3*x - q*p - 12 = 0, -2*x + 0 + 33 = 5*p. What is the units digit of x?
9
Let c(o) = o**3 - 3*o**2 - 4*o + 4. Let n be c(4). Suppose -2*h + 5 + 52 = d, n*h + d - 115 = 0. What is the tens digit of h?
2
What is the units digit of (-4 - (-3 + 3)) + 13?
9
Let t = -9 - -11. Let v(i) = 19*i**2 - 2*i + 3. Let x be v(t). Suppose -3*r = 2*r - x. What is the tens digit of r?
1
Let u be (0 + 6)/(2/5). Suppose 0 = 2*t - 5 - u. What is the tens digit of t?
1
Let i(j) = j**2 - 8*j + 1. Let g be i(8). Let m = g - -2. Suppose 0 = s + 2*s + 2*y + m, 0 = 3*s + 4*y + 9. What is the units digit of s?
1
Let i(q) be the second derivative of -q**3/6 + q**2 - 2*q. What is the units digit of i(-6)?
8
Let f = 79 - -30. What is the tens digit of f?
0
Let b = -30 + 12. What is the units digit of (-2)/(-1) - b/2?
1
Suppose 17 = 3*z - i - 3, 0 = 2*z + 4*i + 10. Suppose z = q - 3*x, 5*q - 2*x - 26 = 64. What is the tens digit of q?
2
Let n(h) = h - 2. What is the tens digit of n(12)?
1
Let j = 274 + -136. What is the hundreds digit of j?
1
Let y = 2 - 2. Let w(b) = y + b + 9*b**2 + 0 + 1. What is the units digit of w(-1)?
9
Suppose 4*c = -k + 533, 5*k + 102 = 2*c - 137. What is the units digit of c?
2
Suppose -2*p = -5*p. Suppose -3*a + p*a + 44 = -4*z, -3*a + 30 = 3*z. What is the tens digit of a?
1
Suppose 0 = -0*d + 2*d + 4, 4*f - 702 = -5*d. What is the units digit of f?
8
Suppose 0*z + 2*z - 214 = 0. What is the units digit of z?
7
Suppose -2*y + 1 = -m, -3*y - 8 = -4*m - 7*y. What is the units digit of 7 - (-3 + (m - 0))?
9
Let y(j) = -7*j - 7. Let x be y(-5). Let f be x/20 - (-2)/(-5). Suppose 0 = -2*a + 3*a - 4*p - f, 5*p = -4*a + 25. What is the units digit of a?
5
Let d be 8/(-12) + 112/6. Suppose d = 4*u - 10. Suppose -u = 4*m - 31. What is the units digit of m?
6
Let k be (16/6)/(10/165). Suppose k = -3*j + 7*j + 4*w, j - 2*w = -1. What is the units digit of j?
7
Let h = -4 - -3. Let f(a) = -a**2 + 6*a - 3. Let z be f(6). What is the units digit of (1*h)/(z/15)?
5
Let k be 1/2 - 3/6. Suppose o - 6 = -p, k*o + 4*p = 4*o - 40. What is the units digit of o?
8
What is the tens digit of -1 + ((-3)/15 - (-661)/5)?
3
Suppose -z - 76 = -5*z - 4*i, 4*z - 3*i = 90. What is the tens digit of z?
2
Let d be 2/(-10) - 93/(-15). Suppose d*j = j. Let h = j - -1. What is the units digit of h?
1
Let o = -21 + 56. What is the tens digit of o?
3
What is the tens digit of ((-99)/11)/(3/(-10))?
3
Suppose -4*f = -23 - 601. What is the units digit of f?
6
Let q be (4/10 + 0)*10. Let t(z) = q + z**2 - 2 - 1. What is the units digit of t(2)?
5
Suppose -66 = 2*x - z, -x = -4*x + 5*z - 92. Let h = -20 - x. Suppose 0 = -4*r + 2*r + h. What is the units digit of r?
7
Let a(b) = b**3 - 3*b**2 - b - 9. What is the tens digit of a(6)?
9
Let c(u) = -28*u - 7. Let s(n) = -83*n - 20. Let j(l) = 17*c(l) - 6*s(l). Let t be j(1). Suppose -5*g = -7 - t. What is the units digit of g?
6
Suppose -27 = -0*q - 3*q. Suppose -5*v = -2*b + q, 4*b - 21 = 3*v + 18. What is the tens digit of b?
1
Suppose 0*i + 2*i = 14. Suppose 5*u = 4*b + 1, -5*u + i = b + 1. What is the units digit of u?
1
Let z = 3 + 13. What is the units digit of z?
6
Let m = 0 + 0. What is the tens d